{"id":779,"date":"2018-08-29T21:44:23","date_gmt":"2018-08-30T00:44:23","guid":{"rendered":"https:\/\/isfd156-bue.infd.edu.ar\/sitio\/autoridades\/"},"modified":"2024-11-27T16:31:05","modified_gmt":"2024-11-27T19:31:05","slug":"autoridades","status":"publish","type":"page","link":"https:\/\/isfd156-bue.infd.edu.ar\/sitio\/autoridades\/","title":{"rendered":"Autoridades"},"content":{"rendered":"<p style=\"text-align: center;\"><strong><span style=\"color: #cc6600; font-family: Arial; font-size: medium;\">DIRECTOR<\/span><\/strong><\/p>\n<p style=\"text-align: center;\"><strong><span style=\"color: #cc6600; font-family: Arial; font-size: medium;\">Mar\u00eda Ang\u00e9lica Levigna<\/span><\/strong><\/p>\n<p style=\"text-align: center;\"><strong><span style=\"color: #cc6600; font-family: Arial; font-size: medium;\">SECRETARIA<\/span><\/strong><\/p>\n<p style=\"text-align: center;\"><strong><span style=\"color: #cc6600; font-family: Arial; font-size: medium;\">Carina Gandolfo<\/span><\/strong><\/p>\n<p style=\"text-align: center;\"><strong><span style=\"color: #cc6600; font-family: Arial; font-size: medium;\">JEFA DE \u00c1REA\u00a0<\/span><\/strong><\/p>\n<p style=\"text-align: center;\"><strong><span style=\"color: #cc6600; font-family: Arial; font-size: medium;\">Victoria Mart\u00ednez<\/span><\/strong><\/p>\n<p style=\"text-align: center;\"><strong><span style=\"color: #cc6600; font-family: Arial; font-size: medium;\">BIBLIOTECARIA<\/span><\/strong><\/p>\n<p style=\"text-align: center;\"><strong><span style=\"color: #cc6600; font-family: Arial; font-size: medium;\">Leila Saggio<\/span><\/strong><\/p>\n<p style=\"text-align: center;\"><strong><span style=\"color: #cc6600; font-family: Arial; font-size: medium;\">PRECEPTORAS<\/span><\/strong><\/p>\n<p style=\"text-align: center;\"><strong><span style=\"color: #cc6600; font-family: Arial; font-size: medium;\">\u00a0Bel\u00e9n Serrano<\/span><\/strong><\/p>\n<p style=\"text-align: center;\"><strong><span style=\"color: #cc6600; font-family: Arial; font-size: medium;\">Guillermina Gau<\/span><\/strong><\/p>\n<p style=\"text-align: center;\"><strong><span style=\"color: #cc6600; font-family: Arial; font-size: medium;\">Valeria G\u00f3mez<\/span><\/strong><\/p>\n","protected":false},"excerpt":{"rendered":"<p>DIRECTOR Mar\u00eda Ang\u00e9lica Levigna SECRETARIA Carina Gandolfo JEFA DE \u00c1REA\u00a0 Victoria Mart\u00ednez BIBLIOTECARIA Leila Saggio PRECEPTORAS \u00a0Bel\u00e9n Serrano Guillermina Gau Valeria G\u00f3mez<\/p>\n","protected":false},"author":9,"featured_media":0,"parent":0,"menu_order":0,"comment_status":"closed","ping_status":"closed","template":"","meta":[],"acf":[],"_links":{"self":[{"href":"https:\/\/isfd156-bue.infd.edu.ar\/sitio\/wp-json\/wp\/v2\/pages\/779"}],"collection":[{"href":"https:\/\/isfd156-bue.infd.edu.ar\/sitio\/wp-json\/wp\/v2\/pages"}],"about":[{"href":"https:\/\/isfd156-bue.infd.edu.ar\/sitio\/wp-json\/wp\/v2\/types\/page"}],"author":[{"embeddable":true,"href":"https:\/\/isfd156-bue.infd.edu.ar\/sitio\/wp-json\/wp\/v2\/users\/9"}],"replies":[{"embeddable":true,"href":"https:\/\/isfd156-bue.infd.edu.ar\/sitio\/wp-json\/wp\/v2\/comments?post=779"}],"version-history":[{"count":4,"href":"https:\/\/isfd156-bue.infd.edu.ar\/sitio\/wp-json\/wp\/v2\/pages\/779\/revisions"}],"predecessor-version":[{"id":1417,"href":"https:\/\/isfd156-bue.infd.edu.ar\/sitio\/wp-json\/wp\/v2\/pages\/779\/revisions\/1417"}],"wp:attachment":[{"href":"https:\/\/isfd156-bue.infd.edu.ar\/sitio\/wp-json\/wp\/v2\/media?parent=779"}],"curies":[{"name":"wp","href":"https:\/\/api.w.org\/{rel}","templated":true}]}}

<p style="text-align: center;"><strong><span style="color: #cc6600; font-family: Arial; font-size: medium;">DIRECTOR</span></strong></p>
<p style="text-align: center;"><strong><span style="color: #cc6600; font-family: Arial; font-size: medium;">María Angélica Levigna</span></strong></p>
<p style="text-align: center;"><strong><span style="color: #cc6600; font-family: Arial; font-size: medium;">SECRETARIA</span></strong></p>
<p style="text-align: center;"><strong><span style="color: #cc6600; font-family: Arial; font-size: medium;">Carina Gandolfo</span></strong></p>
<p style="text-align: center;"><strong><span style="color: #cc6600; font-family: Arial; font-size: medium;">JEFA DE ÁREA </span></strong></p>
<p style="text-align: center;"><strong><span style="color: #cc6600; font-family: Arial; font-size: medium;">Victoria Martínez</span></strong></p>
<p style="text-align: center;"><strong><span style="color: #cc6600; font-family: Arial; font-size: medium;">BIBLIOTECARIA</span></strong></p>
<p style="text-align: center;"><strong><span style="color: #cc6600; font-family: Arial; font-size: medium;">Leila Saggio</span></strong></p>
<p style="text-align: center;"><strong><span style="color: #cc6600; font-family: Arial; font-size: medium;">PRECEPTORAS</span></strong></p>
<p style="text-align: center;"><strong><span style="color: #cc6600; font-family: Arial; font-size: medium;"> Belén Serrano</span></strong></p>
<p style="text-align: center;"><strong><span style="color: #cc6600; font-family: Arial; font-size: medium;">Guillermina Gau</span></strong></p>
<p style="text-align: center;"><strong><span style="color: #cc6600; font-family: Arial; font-size: medium;">Valeria Gómez</span></strong></p>

<p>DIRECTOR María Angélica Levigna SECRETARIA Carina Gandolfo JEFA DE ÁREA  Victoria Martínez BIBLIOTECARIA Leila Saggio PRECEPTORAS  Belén Serrano Guillermina Gau Valeria Gómez</p>
